{"id":53454,"date":"2023-05-19T11:04:11","date_gmt":"2023-05-19T09:04:11","guid":{"rendered":"http:\/\/esencial2025.local\/?post_type=milestones&#038;p=53454"},"modified":"2025-09-20T00:42:11","modified_gmt":"2025-09-19T22:42:11","slug":"2023","status":"publish","type":"milestones","link":"https:\/\/www.esencialcomunicacion.com\/en\/milestones\/2023\/","title":{"rendered":"2023"},"content":{"rendered":"<p>El a\u00f1o en el que celebramos nuestro d\u00e9cimo aniversario, cambiamos nuestro logo y nos mudamos a unas nuevas oficinas. De momento no se puede pedir m\u00e1s<\/p>\n","protected":false},"featured_media":220834,"template":"","class_list":["post-53454","milestones","type-milestones","status-publish","has-post-thumbnail","hentry"],"acf":[],"_links":{"self":[{"href":"https:\/\/www.esencialcomunicacion.com\/en\/wp-json\/wp\/v2\/milestones\/53454","targetHints":{"allow":["GET"]}}],"collection":[{"href":"https:\/\/www.esencialcomunicacion.com\/en\/wp-json\/wp\/v2\/milestones"}],"about":[{"href":"https:\/\/www.esencialcomunicacion.com\/en\/wp-json\/wp\/v2\/types\/milestones"}],"version-history":[{"count":1,"href":"https:\/\/www.esencialcomunicacion.com\/en\/wp-json\/wp\/v2\/milestones\/53454\/revisions"}],"predecessor-version":[{"id":220845,"href":"https:\/\/www.esencialcomunicacion.com\/en\/wp-json\/wp\/v2\/milestones\/53454\/revisions\/220845"}],"wp:featuredmedia":[{"embeddable":true,"href":"https:\/\/www.esencialcomunicacion.com\/en\/wp-json\/wp\/v2\/media\/220834"}],"wp:attachment":[{"href":"https:\/\/www.esencialcomunicacion.com\/en\/wp-json\/wp\/v2\/media?parent=53454"}],"curies":[{"name":"wp","href":"https:\/\/api.w.org\/{rel}","templated":true}]}}

<p>El año en el que celebramos nuestro décimo aniversario, cambiamos nuestro logo y nos mudamos a unas nuevas oficinas. De momento no se puede pedir más</p>
