{"id":53452,"date":"2022-05-19T11:03:28","date_gmt":"2022-05-19T09:03:28","guid":{"rendered":"http:\/\/esencial2025.local\/?post_type=milestones&#038;p=53452"},"modified":"2025-09-20T00:42:29","modified_gmt":"2025-09-19T22:42:29","slug":"2022","status":"publish","type":"milestones","link":"https:\/\/www.esencialcomunicacion.com\/en\/milestones\/2022\/","title":{"rendered":"2022"},"content":{"rendered":"<p>El a\u00f1o en el que obtuvimos el mayor crecimiento ampliando nuestra cartera de clientes y reforzando nuestra delegaci\u00f3n de Catalunya. Tambi\u00e9n el a\u00f1o en el que ampliamos nuestro portfolio con servicios complementarios a los de la comunicaci\u00f3n y las relaciones p\u00fablicas.<\/p>\n","protected":false},"featured_media":220831,"template":"","class_list":["post-53452","milestones","type-milestones","status-publish","has-post-thumbnail","hentry"],"acf":[],"_links":{"self":[{"href":"https:\/\/www.esencialcomunicacion.com\/en\/wp-json\/wp\/v2\/milestones\/53452","targetHints":{"allow":["GET"]}}],"collection":[{"href":"https:\/\/www.esencialcomunicacion.com\/en\/wp-json\/wp\/v2\/milestones"}],"about":[{"href":"https:\/\/www.esencialcomunicacion.com\/en\/wp-json\/wp\/v2\/types\/milestones"}],"version-history":[{"count":1,"href":"https:\/\/www.esencialcomunicacion.com\/en\/wp-json\/wp\/v2\/milestones\/53452\/revisions"}],"predecessor-version":[{"id":220846,"href":"https:\/\/www.esencialcomunicacion.com\/en\/wp-json\/wp\/v2\/milestones\/53452\/revisions\/220846"}],"wp:featuredmedia":[{"embeddable":true,"href":"https:\/\/www.esencialcomunicacion.com\/en\/wp-json\/wp\/v2\/media\/220831"}],"wp:attachment":[{"href":"https:\/\/www.esencialcomunicacion.com\/en\/wp-json\/wp\/v2\/media?parent=53452"}],"curies":[{"name":"wp","href":"https:\/\/api.w.org\/{rel}","templated":true}]}}

<p>El año en el que obtuvimos el mayor crecimiento ampliando nuestra cartera de clientes y reforzando nuestra delegación de Catalunya. También el año en el que ampliamos nuestro portfolio con servicios complementarios a los de la comunicación y las relaciones públicas.</p>
